me factors of o(k)?
2, 19
Let a(i) be the third derivative of -i**4/24 + i**3/3 - i**2. Let r be a(-2). Suppose 2*c - r*c = -2*v - 16, 3*v + 44 = 5*c. List the prime factors of c.
2, 5
Let x = -192 + 656. Suppose -135*o = -137*o + x. List the prime factors of o.
2, 29
Let s = 53 - -119. What are the prime factors of s?
2, 43
Let l(r) = r**2 - 3*r + 46. Let g be l(6). Let j(q) = -90*q + 1. Let y be j(-1). Let z = y - g. What are the prime factors of z?
3
Suppose -5*w - 17 = 18. Let y(b) = b - 1. Let v(d) = d + 3. Let g(x) = 3*v(x) - 6*y(x). List the prime factors of g(w).
2, 3
What are the prime factors of (-631 + 0)*(9 + -10)?
631
Let s(q) = 4*q + 24. Let a be s(-6). Suppose -3*u - 5*f = -3*f - 40, 5*u - 4*f - 52 = a. What are the prime factors of u?
2, 3
Suppose 11*c = 15*c + 320. Let n = 176 + c. List the prime factors of n.
2, 3
Suppose 4*r - w - 165 = -0*w, 20 = r + 4*w. Let y = 104 - r. Let x = y - 37. List the prime factors of x.
3
Let t = -8 - -31. Let a = t + -23. Suppose 2*k = 3*v + k - 23, a = 4*v - 4*k - 36. What are the prime factors of v?
7
Let i(f) = -190*f + 261. List the prime factors of i(-6).
3, 467
Let i(q) = -2*q + 23. Suppose 0 = 2*w + 3*h + 42, 0*w = 2*w - 4*h + 28. List the prime factors of i(w).
59
Let q(m) = m**3 - 2*m**2 + 182. Let n be q(0). Let k = n - 29. List the prime factors of k.
3, 17
Suppose 3*q + 5*h = 36, h + 5 = 4*q - 20. List the prime factors of (-115)/(-9) - ((-305)/(-45) - q).
13
Let q be (60/50)/((-2)/(-10)). Let a = q + 59. List the prime factors of a.
5, 13
Suppose 4*a = -5*w + 4*w + 924, 3*a = -4*w + 693. Suppose 5*r + a = 5*c - 39, 4*c - r - 225 = 0. What are the prime factors of c?
3, 19
Let l = -61 + 93. Let u = l - 2. What are the prime factors of u?
2, 3, 5
What are the prime factors of (-15488)/(-10) - (-18)/90?
1549
Let l(q) = 4*q**2 + 20*q + 4. Let p be l(-5). What are the prime factors of (3 - -2 - p) + 93 + -1?
3, 31
Suppose 17*y - 66690 = -37*y. What are the prime factors of y?
5, 13, 19
Let s = -3 + -11. Let v(u) be the first derivative of u**3/3 + 11*u**2/2 - 17*u + 3. What are the prime factors of v(s)?
5
Suppose -2*i - 175 - 101 = 0. Let j = i - -341. List the prime factors of j.
7, 29
Let w(y) = -y + 8. Let x be w(6). Suppose -2*h + h = 15. Let i = x - h. List the prime factors of i.
17
Let z(y) = 3*y - 11. Let r be z(5). Suppose 0 = -2*i + 2, 0 = -s - 3*i + r - 5. List the prime factors of (-24)/s*6*1.
2, 3
Suppose 8*o - 57 = 5*o. Suppose -o = -3*l + 2*m, -3*l - m + 1 = -21. Suppose 0 = -l*s + 2*s + 80. List the prime factors of s.
2
List the prime factors of (10 - 2590/20)*-24.
2, 3, 239
Suppose 0 = 3*h - 0*y - y + 146, -3*y - 42 = h. Suppose -2*s - 376 = -5*p, p - s - 62 = -5*s. Let x = p + h. List the prime factors of x.
2, 13
Let v(u) = u + 6. Let g be v(-3). Suppose g*b = o + 108, 4*b - 4*o - 144 = o. What are the prime factors of b?
2, 3
Let m(r) = 2*r**2 - 7*r - 8. Suppose 3 + 4 = -p. List the prime factors of m(p).
139
Let c(v) = v**3 + 17*v**2 + 2*v + 34. Let g be c(-17). Suppose -9*o + 5*o + 136 = g. List the prime factors of o.
2, 17
Let p = 3 + -9. What are the prime factors of (-12)/8*28/p?
7
Suppose 3*w - 42 = -18*w. Let r(g) = 2*g**2 - 5*g - 1. Let f be r(5). Suppose 33 = w*i + 5*u, -u - f = -2*i + 39. What are the prime factors of i?
29
Let l = -15 - -21. Suppose l = 2*b + a, b + 4*a - 4 = -2*b. Suppose -b*c - c + 5*s = -80, 5*c + 5*s = 70. List the prime factors of c.
3, 5
Let r(z) = -3*z - 2. Let u be r(1). Let l be u*4*(-1 - -2). Let s = 16 - l. List the prime factors of s.
2, 3
Suppose -5*v = 61 + 4. Let g = v + 11. Let d = 17 + g. List the prime factors of d.
3, 5
Suppose -1319 = -7*z + 6115. What are the prime factors of z?
2, 3, 59
Let n(i) = 5*i**3 + 3*i**2 + i + 7. Let u(s) = s**3 - s + 1. Let w(h) = -n(h) + 3*u(h). Suppose 2*c - c = -3. What are the prime factors of w(c)?
5, 7
Let q = -3406 + 4975. List the prime factors of q.
3, 523
Suppose 0 = -9*p + 4*p + 15. What are the prime factors of ((4 - p)*-4)/(2/(-15))?
2, 3, 5
Suppose 14*a - 15*a = -3. Suppose y - 10 = a*y. Let i(g) = -g**3 - 2*g**2 + 5*g + 2. List the prime factors of i(y).
2, 13
Suppose a + 3*a - 14 = 3*p, -5*p = a - 15. Suppose 6*u = p*u - 160. Let b = -13 - u. What are the prime factors of b?
3
Let n = -4 - -4. Let l(t) = 5*t - 4*t + t**2 + 0 + 20 + 12. List the prime factors of l(n).
2
Suppose -2 = 2*b - 0, -3*b = -3*z + 726. Suppose -z = -4*d - 3*g + 443, -d = -4*g - 152. List the prime factors of d.
2, 3, 7
Let x(q) = 100*q + 6 - 103*q - 2 + 14*q**2. What are the prime factors of x(3)?
11
Let g be (-30)/(-80) - 45/(-8). Let r(t) = 16*t - 30. What are the prime factors of r(g)?
2, 3, 11
Let j = 3 + -21. List the prime factors of 4/j - 6457/(-99).
5, 13
Let s(d) = d**3 + 21*d**2 + 11*d - 24. What are the prime factors of s(-16)?
2, 3, 5
Suppose 131*p + 25 = 136*p. Suppose 4*x = -2*l + 622 + 724, -p = l. What are the prime factors of x?
3, 113
Let z = 1154 - 370. List the prime factors of z.
2, 7
Let k(b) = -b + 6. Let w be k(3). Suppose w*p = -11 - 265. What are the prime factors of p/8*(-2 - 0)?
23
Let j = 183 + -375. Let s = -18 - j. What are the prime factors of s?
2, 3, 29
Let b(m) = m**3 + 7*m**2 - 6*m - 8. Let z be b(-7). Let x = -18 + z. Let g = -2 + x. List the prime factors of g.
2, 7
Let m = -1720 + 4859. What are the prime factors of m?
43, 73
Suppose -14*q + 2223 = -1193. List the prime factors of q.
2, 61
Let q(u) = u**3 + 31*u**2 + 14*u - 117. What are the prime factors of q(-20)?
4003
Suppose 0 = -w + 4*r + 600, -4*w - 3*r + 1745 = -693. Suppose -8*m = 208 - w. List the prime factors of m.
2, 5
Let f = 25 - 21. Suppose -4*l - 2 = -3*h, -10 = -f*h + l - 3*l. List the prime factors of h.
2
What are the prime factors of 203 + (-6)/3 - 4?
197
Suppose -5*q + 8*a - 7*a = -1727, -5*a + 707 = 2*q. What are the prime factors of q?
2, 173
Suppose -o - 5 = 2*q, 2*q + 2*o + 25 = -3*o. Let n = -11 - -13. Suppose -n*w + 0 + 4 = q. List the prime factors of w.
2
Suppose 19286 + 25934 = 17*f. List the prime factors of f.
2, 5, 7, 19
What are the prime factors of (13 + (-451)/33)*(-49149)/6?
43, 127
Suppose 39 = 11*b - 27. List the prime factors of b.
2, 3
Suppose -19 = m - 5*j, -m - 4*j = 3*m + 148. Let o be 24/(-204) + 64/m. What are the prime factors of (-1)/o*(70 - 2)?
2, 17
Suppose 57*c + 8988 = 2*u + 62*c, -3*c + 6 = 0. What are the prime factors of u?
67
Suppose 521*m + 6330 = 526*m. What are the prime factors of m?
2, 3, 211
Let i = -20 - -20. Suppose -3*q - 12 - 89 = -2*l, i = -4*l + 3*q + 211. List the prime factors of -2 - ((0 - l) + 1).
2, 13
Suppose 0 = -4*x + 8, 5*s - 3*x - 2513 = -7*x. What are the prime factors of s?
3, 167
Let a(f) = 40*f**3 - 13*f**2 + 4*f - 51. What are the prime factors of a(5)?
2, 3, 43
Let y = 116 - -849. What are the prime factors of y?
5, 193
Suppose -45*x + 40*x + 1015 = 0. What are the prime factors of x?
7, 29
Suppose -21*a + 8*a = -5200. List the prime factors of a.
2, 5
Let r = 124 - 66. Let q = r + 12. Let p = -42 + q. What are the prime factors of p?
2, 7
Suppose -3*l + 4 = -8. Suppose -l*r = -295 - 621. List the prime factors of r.
229
Suppose 0 = 36*z - 34*z - 8. What are the prime factors of 2*((-2)/z)/(1/(-107))?
107
Let z = -6440 - -9862. List the prime factors of z.
2, 29, 59
Let w(q) = -2*q + 4. Suppose -13 - 3 = 4*b, 0 = -v + 2*b + 10. Let c be 0/(v/((-2)/(-2))). List the prime factors of w(c).
2
Suppose 0 = -u + 2*t - 3, -2*t - 2*t + 20 = 0. Let g(b) = u*b - 2*b**2 + 2 + 3*b**2 - 6. List the prime factors of g(-9).
2, 7
What are the prime factors of 4/9 + 955448/468?
2, 1021
Suppose -j = -2*w - 3*j - 24, -3*j = -4*w - 20. Let y = 13 - w. List the prime factors of y.
3, 7
Let v = 1 + -4. Let u be -58 + (-1 - (1 + v)). Let w = u + 96. List the prime factors of w.
3, 13
Let m(q) = -q**2 - 5*q - 2. Let u be m(-1). Suppose -4*g + 2*k = -314 - 6, u*g - 162 = 2*k. What are the prime factors of g?
79
Suppose -j = -2*k - k - 6, 0 = -5*j + 5*k + 20. Suppose -4*i + 2*b = -1 + 9, b + 11 = -j*i. Let c(y) = -22*y - 9. List the prime factors of c(i).
3, 19
Suppose 3*r = 2*r. Let k be 0 + 2 + (0 - r). Suppose k*f + f = 66. List the prime factors of f.
2, 11
Let a = 2590 - -898. What are the prime factors of a?
2, 109
Let o be ((-7)/(-4))/(357/(-